(-4)/(3/123*-2). Suppose 0 = 3*i + s + u, 0*s - 20 = i + 4*s. Let h = i - -39. What is the tens digit of h?
1
Let o(k) = -k**2 + 1. Let l be o(3). Let j be (-10)/(-3) - l/12. Suppose -j*h - 15 + 35 = 0. What is the units digit of h?
5
Let d(n) = 33*n**2 + 2*n - 1. Let c be d(3). What is the tens digit of (-1)/(-4) + c/8?
3
Let n(w) = w**3 + 2*w**2 - 2*w - 3. Let i be n(-3). Let o(x) = x**2 + 5*x - 3. Let b be o(i). What is the units digit of 9 - -4*b/(-6)?
7
Suppose -2*u - 8*q - 2 = -3*q, -1 = u + 3*q. What is the tens digit of (-473)/(-44) + u/(-4)?
1
Let h = 113 + -69. What is the units digit of h?
4
What is the units digit of 6/3 - (1 - 34)?
5
Let b = 3 + -7. Let x(t) = t**3 + 6*t**2 + 5*t. What is the units digit of x(b)?
2
Suppose 3*i = -0*i. Suppose i = -3*l + 6, -3*t + 3*l - 4 = -94. What is the tens digit of t?
3
Let r(i) = -i + 4. Let p be r(0). Suppose 4*w = -2*k + 50, 2*k + 2*k - p*w - 112 = 0. What is the tens digit of k?
2
Suppose 0 = 3*j - 3. What is the units digit of j + (0 - 1) - -7?
7
Suppose -3*s + 0*s = 3*q - 36, -3*s - 4 = -5*q. What is the units digit of s?
7
Let n = -13 - -15. Suppose -n*u - 80 = -6*u. What is the units digit of u?
0
Suppose 32*f - 36*f + 40 = 0. What is the tens digit of f?
1
Let i(f) = -f**2 + 14*f + 13. Let j = 26 + -14. What is the tens digit of i(j)?
3
Suppose 8*s = 10*s - 34. What is the units digit of s?
7
Suppose 3*x + x = 20. Suppose -q + 2*v + 10 = 0, 14 = q - 3*v + x. What is the units digit of q?
2
Suppose -588 = -8*o + 2*o. What is the units digit of o?
8
Suppose 19*m - 18*m = 310. What is the tens digit of m?
1
Suppose 4*y = 5*o - 457, -3*o - 4*y + y + 285 = 0. What is the tens digit of o?
9
Let s = -3 - -17. Suppose -u - 2*u + 38 = 2*w, -w + u + s = 0. What is the tens digit of w?
1
Let t = -1 + 2. Let b(h) = h**2 + t + 3 - 3. What is the units digit of b(-4)?
7
Let i be 2/4*(-6)/(-1). Suppose -19 = -i*m + y - 5, -3*m + 3*y = -18. Suppose -3*d + 5*v + 11 = -10, d - 7 = -m*v. What is the units digit of d?
7
Let a = -35 - -74. What is the tens digit of a?
3
Let b(w) = w + 1. Let f be b(4). Suppose 2*n - 19 = -n - 2*y, -4*y - 17 = -f*n. What is the units digit of n?
5
Let w(g) = -16*g - 15. What is the units digit of w(-13)?
3
Let h = 6 - 7. Let n = h - -3. What is the units digit of (-21)/(-3) + (1 - n)?
6
Let r = 350 - 194. What is the hundreds digit of r?
1
Suppose 0 = -3*j + 2*j + 1. What is the tens digit of ((-1)/j)/(-1)*22?
2
Let f(g) = -2*g + 7. Let s be f(5). Let n = 2 - s. What is the units digit of n?
5
Suppose 0 = 3*d - 4*d + 26. What is the tens digit of d?
2
Suppose 2*p + 3*x - 101 - 130 = 0, 5*p - 570 = -5*x. What is the units digit of p?
1
Suppose 56 = k + 19. What is the tens digit of k?
3
Suppose 5*m = 4*r - 52, -12 = -m + 4*m. What is the tens digit of r + -9 + -1 + 24?
2
Suppose -4*j + 677 + 59 = 0. What is the tens digit of j?
8
Let v(r) = 18*r + 11. What is the hundreds digit of v(12)?
2
Suppose -4*b + 6*b = 18. Suppose -b = -n + 3. What is the units digit of n?
2
Suppose -3*d + 45 = 9. What is the tens digit of d?
1
Let a(d) = -37*d**3 + d**2 - 1. What is the tens digit of a(-1)?
3
Suppose -l + 3*d + 27 = -16, l = -5*d + 43. What is the tens digit of l?
4
Let h(o) be the second derivative of 1/3*o**3 + o**2 + 1/20*o**5 + o + 0 + 1/4*o**4. What is the units digit of h(-2)?
2
Suppose -q + m + 9 = 0, -2*q + 0*m + 24 = 4*m. Let c(r) = -r**3 + 9*r**2 + 9*r + 8. Let f be c(q). What is the units digit of 9/3*f/(-6)?
1
What is the tens digit of (2 + 2)*1*17?
6
Let m = 149 - 53. What is the tens digit of m?
9
Suppose m - 14 = 2*d + d, 5*m = 2*d + 18. What is the units digit of m?
2
Let m = -3 + 5. What is the units digit of m?
2
Suppose -4*c + p + 734 = 0, -2*c = 9*p - 4*p - 378. What is the hundreds digit of c?
1
Suppose -5*j - 5*v + 0*v = -220, 3*v - 210 = -5*j. What is the units digit of j?
9
Suppose -4*k + 2*k = 0. Suppose k = -5*n - 3*l + 115, -69 = -6*n + 3*n + l. What is the units digit of n?
3
Suppose 17 = 5*r + 2. Let s be (0 + 0 - -2) + 0. Suppose -s*g - 3 = -r*g. What is the units digit of g?
3
Let b be (1 - (-3)/(-5))*15. Suppose 8*l - b = 7*l. What is the units digit of l?
6
Suppose 3*a = -5*z + 44 + 75, -4*a = 8. What is the units digit of z?
5
Suppose 0 = 4*o - 4*r - 336, -3*o + 5*o + 4*r = 192. What is the units digit of o?
8
Let w(b) = -4*b**3 - b. Let q be w(-1). Suppose 11 = 2*c - q*t, -c - 2*t + t = -2. Suppose -5 = -d - c. What is the units digit of d?
2
Let d be ((-2)/6)/(6/18). Let y be d/((-3)/(30/2)). Let x = 20 - y. What is the units digit of x?
5
What is the tens digit of -2*2/((-4)/14)?
1
Suppose -y = -6*y + 40. Let d(o) be the second derivative of o**3/3 - 11*o**2/2 - o. What is the units digit of d(y)?
5
Let q(b) = b**3 - 9*b**2 + 11*b - 4. Let n be q(7). What is the tens digit of (-4)/(2 - -2)*n?
2
Let b(g) = -g**2 + 9*g - 3. What is the units digit of b(8)?
5
What is the hundreds digit of 3080/33*((-3)/(-2) + 0)?
1
Let l(f) = -5*f + 14. Let c be l(11). Let i = -29 - c. What is the tens digit of i?
1
Let g(z) = -z**2 + 7*z + 5. Suppose 0*x = -x + 8. Let b be g(x). What is the units digit of 4 + 1*b/3?
3
Suppose 0 = -0*j + j. Suppose x - 19 - 35 = j. What is the units digit of x/8 - (-4)/16?
7
Suppose -105 = -5*y + 2*y. What is the tens digit of y?
3
Let z(t) be the third derivative of -t**6/60 + t**5/60 + t**4/12 - 3*t**2. Let v = 4 + -6. What is the tens digit of z(v)?
1
Let m(o) = 4*o**2 - 7*o - 9. Let v be m(7). Suppose -l = 5*g - v, -9 = 2*l - 5*l. What is the units digit of g?
7
Suppose -3*i + 3 = -l, 0*l = 3*l + 5*i + 9. Let o(h) = -7*h + 2. What is the units digit of o(l)?
3
Let o(h) = -9*h + 3. Suppose 2*j + 1 = 9. Let g be o(j). What is the units digit of (2/(-3))/(2/g)?
1
Suppose -5*w + 36 = 6. Suppose -w = -2*j - 0*j. Suppose 2*a = -3*v + 4 + 6, 0 = 5*a - j*v - 25. What is the units digit of a?
5
Suppose -4*z + 3 = -5. Let c = -12 + 29. Suppose -5 = z*y - c. What is the units digit of y?
6
Let d(i) = -12*i - 1. What is the units digit of d(-1)?
1
Suppose 0 + 4 = -2*g. Let z be ((-4)/g)/(-2) + 2. Suppose -7 = -n - z. What is the units digit of n?
6
Suppose 2*y - 7 = -5*c, -c - 4*c = -y - 4. Suppose -5*s = y - 56. What is the tens digit of s?
1
Let t = 15 - 7. Let r = -2 + t. Suppose 0 = w - r*w + 30. What is the units digit of w?
6
Let d(k) = -9*k. Let i be d(5). What is the tens digit of 2/((-6)/i*1)?
1
Suppose 2*z - 164 = 5*s + 47, -4*s = -z + 113. What is the tens digit of z?
9
Suppose 4*a - 4*c - 12 = -2*c, 0 = a + c + 3. What is the units digit of a?
1
Let s(j) = 2*j**2 - 4*j + 2. Let d be s(2). Suppose -d*z + 3*n + 19 = 0, 0 = 3*z + 4*n + 4 + 10. What is the tens digit of (22/(z - 1))/2?
1
Suppose 252 = 57*b - 54*b. What is the units digit of b?
4
Let f = 33 + 13. What is the units digit of f?
6
Let l(f) = f + 1. Let v be l(1). What is the units digit of 2/(5/(25/v))?
5
Suppose 3*q + 5*u = -10, q = -4*u - 2 + 1. Let z = q + 10. Let k = 10 - z. What is the units digit of k?
5
Suppose -m - 1 = -3. Suppose -n + m*y = 2 - 6, -y - 2 = 0. Suppose 0 = 2*w - n*w - 8. What is the units digit of w?
4
Let z(m) = 3*m**2 - m + 1. What is the tens digit of z(-2)?
1
Suppose -2*g = -3*b + 41, -b - 2*g = 2*b - 37. What is the units digit of b?
3
Let f be 12 - -25 - -2*2. Suppose -w = w - c - f, c = 5*w - 95. What is the units digit of w?
8
Let g be 35 + 1 - 0/(-2). What is the tens digit of g/(-9)*(-35)/4?
3
Suppose -3*i = -0*i. What is the tens digit of (i - 1)/(2/(-34))?
1
Let y(z) = -z**2 - 9*z + 10. Let s(i) = i**3 - 16*i**2 + 15*i - 9. Let c be s(15). What is the tens digit of y(c)?
1
Suppose -3*t - t = -284. Let h = t + -47. What is the units digit of h?
4
Let b be (-1)/2 + 161/(-14). Let r = 5 + -8. What is the units digit of ((-3)/(-12))/(r/b)?
1
Let s(c) = 21*c**2 - c + 7. What is the tens digit of s(2)?
8
Let t(o) = o**2 + 4*o - 1. Let q = 9 + -14. What is the units digit of t(q)?
4
Let j(x) = -2 - 2 + 0*x**2 + 3*x**2 + 4*x**2. What is the tens digit of j(2)?
2
Let k(x) = -3*x - 7. Let g = -4 - -5. Let v be 24/2*g/(-2). What is the tens digit of k(v)?
1
Suppose p = -3*g + 2*g + 8, g - 13 = -2*p. Suppose p*s + 9 = 3*z + z, s = -z. What is the units digit of z?
1
Let r = -14 - -7. Let y = r + 10. What is the units digit of y?
3
Let k = 